nd 14.
14
Suppose -4*u = 2*s - 350, 0 = u - 5*u - 3*s + 345. What is the greatest common divisor of u and 10?
10
Suppose -92 = -3*s - 2*v - 3*v, -5*s + 128 = 2*v. Let k = 44 - -4. What is the highest common factor of s and k?
24
Suppose f + 2*s = -2, -2*f - 14 = -5*f - 2*s. Suppose 4*l - f = 0, c + l = -c + 26. Calculate the greatest common factor of 108 and c.
12
Suppose 4*l = 2*l. Suppose -175 = -5*y - l*y. Suppose -20 = -5*n + n. What is the highest common divisor of n and y?
5
Let c(g) = 10*g**3 + 2*g**2 - 2*g + 1. Let y be c(1). Suppose m = -m + 22. Calculate the greatest common factor of y and m.
11
Let d be 189/(-54)*52/(-7). Calculate the greatest common factor of d and 442.
26
Suppose 0 = -0*t - 4*t - 3*k + 57, -39 = -3*t - 3*k. What is the greatest common divisor of t and 9?
9
Let v be (-90)/(-24)*8/6. What is the greatest common factor of v and 45?
5
Suppose 8*d - 12 = 4*d, 162 = 2*m + 4*d. What is the highest common factor of m and 30?
15
Suppose 2*a + 4 = 4*a, -v = -2*a - 9. Calculate the highest common factor of v and 117.
13
Let x(n) = n + 7. Let a be x(0). Let o(f) = f**3 + 14*f**2 - 15*f + 21. Let w be o(-15). What is the greatest common divisor of w and a?
7
Let n be (-352)/12*(-1 - 2). Suppose n = 4*f - 32. Calculate the greatest common factor of 45 and f.
15
Let y be (4/6)/(10/210). Calculate the greatest common factor of y and 2.
2
Let q(n) = -4*n**2 + 3*n**2 + 3 + 32. Suppose 0 = 3*s + 2*s. Let g be q(s). Calculate the greatest common divisor of g and 5.
5
Suppose 3*i - 13 - 113 = 0. What is the highest common factor of 42 and i?
42
Let j(u) = -u**3 + 6*u**2 - 8*u + 17. Let z be j(5). Calculate the greatest common divisor of 26 and z.
2
Let x(y) = 5*y + 9. Let l be x(-5). Let s be (-3 - 356/l)*8. What is the greatest common factor of s and 22?
22
Let n be 19 - (-1)/(1 + -2). Suppose 4*u - n = 6*u. Let v be ((-3)/u)/((-1)/(-66)). Calculate the greatest common factor of 198 and v.
22
Let f(n) = -n**3 + 12*n**2 - 11*n + 14. Let w be f(11). What is the highest common divisor of 126 and w?
14
Suppose 4*k - 38 = 14. What is the greatest common divisor of 117 and k?
13
Let b = -19 - -21. Suppose 3*a = 3*y + 4*a - 8, -4*y + 3*a = -2. Suppose y*r - 3 + 1 = 0. Calculate the greatest common factor of b and r.
1
Let v(u) = -22*u - 8. Let z be v(-1). Calculate the highest common factor of 126 and z.
14
Let y(f) = -f**3 + 9*f**2 - 8*f + 15. Let d be y(8). Calculate the greatest common factor of d and 6.
3
Let z = -3 + 6. Let g = z + 2. What is the greatest common factor of g and 25?
5
Suppose 560 = -12*g + 17*g. Calculate the greatest common factor of 16 and g.
16
Suppose 3*d = -d + 76. Suppose 23*o - 12 = d*o. Calculate the highest common divisor of 2 and o.
1
Let a = 3 + -14. Let m = -7 - a. Suppose m*w - 2*q - q - 5 = 0, 2*q = w. Calculate the highest common divisor of w and 3.
1
Suppose 2*v - 77 - 33 = 0. Calculate the highest common divisor of v and 22.
11
Suppose -w = -2 - 2. Let k = 2 + -4. Let o(q) = q**3 + q**2 - 4*q - 3. Let h be o(k). What is the highest common factor of h and w?
1
Let i(k) = k**3 - 3*k**2 + k + 5. Let q be i(5). Let g = q + -42. Let j be 14 + (-4 - 1*-2). Calculate the highest common factor of g and j.
6
Let b be (1*-1)/(2/(-18)). Let k = 61 - 90. Let h = k - -92. What is the highest common factor of h and b?
9
Let k(b) = -2*b**2 + 12*b - 6. Let q be k(-12). Let j be q/(-18) - 1/3. What is the greatest common divisor of 16 and j?
8
Let v be -3 - (-7 - (-2 + 1)). Suppose -2*z + 68 = -v*q, -3*q - 188 = -3*z - 2*z. What is the highest common factor of z and 10?
10
Let n(y) = y**3 - 6*y**2 + y + 3. Let m be n(6). Let g(c) = -c + 21. Let s be g(m). Calculate the highest common divisor of 4 and s.
4
Suppose 2*n + n = 105. Let f be 0/(-2) - (-14)/1. Calculate the greatest common factor of n and f.
7
Let c = -47 + 86. Suppose 5*u - 130 = -0*u. What is the highest common divisor of c and u?
13
Let o(y) = -5*y - 10. Let k = -18 + 13. Let v be o(k). Calculate the greatest common divisor of 135 and v.
15
Let f(t) = -t**2 + 9*t + 2. Suppose -c = -6*c + 40. Let h be f(c). Suppose 2*k - h = -0*k. What is the greatest common factor of 55 and k?
5
Let m(y) = y**3 + 5*y**2 + y - 5. Let k be m(-4). Suppose 0 = 4*i - 4*s - 80, s = -3*i + 5*i - 41. Calculate the greatest common factor of i and k.
7
Let d(v) = -v**3 + 3*v**2 + 2*v - 1. Let j be (-1)/(-3) + 34/6. Let u = j + -3. Let x be d(u). What is the greatest common factor of x and 40?
5
Suppose -2 = -4*n + 2, -2*k = -4*n + 6. Let t = k + 10. Suppose 2*o + 5*m = 12, -3*m = -3*o + 4*o - 7. What is the highest common divisor of o and t?
1
Let v(w) = w**2 - 6*w + 4. Let x be v(4). Let y = x + 15. Suppose -7 = f - 29. What is the highest common factor of y and f?
11
Let h be 1 + 1 + 57/19. What is the highest common factor of 30 and h?
5
Let h = -168 + 201. Let f = 1 - -2. What is the highest common factor of f and h?
3
Suppose -v = s + 2*v - 154, 0 = -3*s + 3*v + 462. Suppose -2*o + 3*p = -s, 8*p - 3*p + 230 = 3*o. What is the highest common factor of 10 and o?
10
Let t = 15 - 12. Suppose -c = 4*m + 2*c - 31, 2*m + t*c = 11. Calculate the highest common factor of 25 and m.
5
Suppose -5*u + 3*w - 7*w + 245 = 0, -4*w - 25 = -u. What is the greatest common factor of 9 and u?
9
Suppose 2*p - 2 = -4*s + 4*p, -s + 4*p - 3 = 0. Calculate the highest common factor of 4 and s.
1
Let a = 18 - 0. Let u be 1 - 4 - (-146 - (4 - 3)). What is the highest common divisor of a and u?
18
Let w = -78 + 114. Let x be w/(-20)*(-20)/6. Suppose 2*y + 32 = x*y - 5*h, -2*y = -4*h - 16. Calculate the greatest common factor of y and 4.
4
Let z be -2 + 0 + (-7 - -17). What is the greatest common divisor of 16 and z?
8
Let n(v) = -v**2 + 2*v + 4. Let u be n(0). What is the highest common divisor of 16 and u?
4
Suppose 2*f - 17 = -5*w - 0, -3*f = -3. Suppose -2*u - 272 = -5*x, -u - 220 = -w*x - x. What is the greatest common divisor of 8 and x?
8
Let g be (11 - 7)/((-2)/(-5)). Calculate the greatest common divisor of 40 and g.
10
Let x(c) = c - 7. Let t be x(7). Suppose t = -r + 3. What is the greatest common factor of 12 and r?
3
Let q(x) be the second derivative of x**3/3 - 4*x**2 - 2*x. Let f be q(-9). Let i be f*2/(-4)*1. Calculate the highest common divisor of 13 and i.
13
Let m(t) = -37*t - 1. Let u be m(-4). Let r = 42 - 21. What is the greatest common divisor of r and u?
21
Let x = 6 - -14. Suppose 0 = -5*w - l - 4*l + x, -2*w = 4*l - 2. Calculate the highest common factor of 56 and w.
7
Let c be -3*(-2)/(-9)*-3. Let u = 23 + -13. Suppose -4*y = u - 34. What is the highest common factor of c and y?
2
Suppose -536 = -3*u + 58. Suppose -2*c + u = c. Let v = c - 10. Calculate the highest common divisor of v and 8.
8
Let b = 48 - 37. Calculate the greatest common divisor of b and 11.
11
Let f(a) = -a**3 - 5*a**2 + 3*a - 8. Let c be f(-6). What is the greatest common divisor of c and 5?
5
Suppose -8*q + 4*q = 3*u - 26, 21 = -2*u + 5*q. Suppose 24 = u*r + 4*f, -f = 4*r + 3*f - 36. What is the highest common factor of 2 and r?
2
Suppose 19 = 2*y - 3*o - 18, y + 14 = -5*o. Calculate the greatest common factor of y and 22.
11
Let c = -210 + 225. Suppose -b - 30 = -4*b. Calculate the greatest common factor of c and b.
5
Let d(r) = r**2 + 3*r - 1. Let z(h) = h. Let o(q) = d(q) - 6*z(q). Suppose 5 = -x + 12. Let m be o(x). Calculate the greatest common factor of 3 and m.
3
Suppose 456 = 4*v - 4*d, v + v + d = 216. Suppose 7*z - 61 = 93. Calculate the greatest common divisor of v and z.
22
Let i be 2 - (-165 - 1/1). Suppose 5*s - l - 61 = -2*l, -2*l = s - 14. Suppose 3*j = s, 5*y + 2*j - 132 = -j. What is the greatest common divisor of i and y?
24
Let b be 672/68 - (98/34 - 3). Calculate the highest common divisor of 10 and b.
10
Let z be (-2)/(-4) - 1/(-2). Calculate the highest common divisor of 9 and z.
1
Suppose -2*y - 2*y = 0. Let p = 2 - y. Suppose -p*l + 8 = -l. What is the greatest common factor of l and 8?
8
Let x(n) = 3*n**3 - 2*n**2 + 4*n - 10. Let t be x(4). Suppose -3*g + 195 + t = -2*b, 347 = 3*g + 5*b. Calculate the highest common divisor of 17 and g.
17
Suppose 0 = 4*w - 4*v, -4*w = -w + v - 4. Let r be (0 - 9)/((-1)/w). Suppose 0 = -79*y + 690 + 21. Calculate the greatest common factor of r 